+ (2 - (7 - (3 - 4)))
-1
8 - (7 + -11 + 6)
6
(1 - 0) + (-10 - -14)
5
What is 5 + (4 - 9) - 0?
0
Evaluate 5 - 9 - (-6 + 2).
0
What is the value of (-5 - -2) + -5 + 9?
1
-2 + (3 - 1) + (-8 - -5)
-3
0 + 0 - (0 + (5 - 8))
3
Calculate (5 - (-10 - -20)) + 10.
5
5 + (1 - 7) + 1 + -2
-2
What is -3 - (-6 + (-5 - -1 - -9))?
-2
What is 9 - (3 - (6 + -3 + -2))?
7
What is 80 + -73 + (0 - 5 - -1)?
3
Calculate -3 + -1 - (-13 - -10) - -5.
4
Calculate 2 + -1 + 4 - 5.
0
Evaluate -5 + 1 + 12 + (2 - 9).
1
Calculate (-3 - (9 - 11)) + -6.
-7
What is the value of -9 + 3 - -7 - (1 + 2)?
-2
10 + (-3 - -6) + -19
-6
Evaluate -1 + -3 + -1 + 4 - -6.
5
What is the value of -4 + -1 + 3 + 1?
-1
Evaluate 2 + (-3 - 3 - (-2 + 1)).
-3
What is 6 - (2 + -5 - -5)?
4
Evaluate 31 + -33 + (3 - 0).
1
Evaluate (-1 + -2 - (20 - 18)) + 1.
-4
-4 - ((-1 - -5) + -1 + -3)
-4
What is -4 - ((17 - 15) + (-4 - 0))?
-2
Evaluate -8 + (23 + -3 - 11).
1
What is the value of 3 + 3 + 5 + -3 - -1?
9
What is the value of 15 - 11 - (0 - -9)?
-5
What is the value of 4 - 7 - (6 - 1)?
-8
Evaluate -1 - (4 + (-2 - -2)).
-5
What is 1 + -1 + 7 + -3 + -3?
1
Evaluate 5 - (0 + (13 - 6)).
-2
(1 - 11) + (-10 + 30 - 12)
-2
What is 0 - (2 - (7 + 1 + -4))?
2
Evaluate 2 + (0 - (9 + (0 - 6))).
-1
Evaluate (-4 + 3 - -4) + (-4 - 3).
-4
Calculate -4 + -1 - (-25 + (7 - -11)).
2
Evaluate (1 - 0) + (-10 + 3 - -7).
1
Calculate (-3 + 0 - (-5 + -1)) + -2.
1
What is the value of -6 + (8 - 7) - 0?
-5
-4 + (3 - 3 - -4)
0
What is the value of 0 - -4 - (14 - 12)?
2
Calculate 36 + -46 + -4 + 7 + 0.
-7
What is the value of (-2 - (4 + -1 + -3)) + 4?
2
(-5 - 6) + 5 + (10 - 8)
-4
What is the value of (-16 - -20) + 2 + -5?
1
-5 - (5 - 7 - -1)
-4
(1 - 7) + 52 + -51 + -1
-6
5 - (-2 + 8) - (-2 + 1)
0
-1 + 2 - (18 + -28 + 12)
-1
What is the value of -10 - 1 - (-20 + 12)?
-3
Evaluate -1 + -13 - (81 + -90).
-5
Calculate 20 - (3 + 7 + 1).
9
-2 - (2 - (-2 - (-2 + 0)))
-4
Calculate -20 + 24 - (0 + -2).
6
Calculate -15 + 20 - (-1 + 4).
2
What is the value of -5 + (2 - (-6 - 0))?
3
What is the value of (6 - 0 - (2 - 0)) + 2?
6
Calculate -2 - (2 - 10 - -5) - 1.
0
Calculate (2 - -1) + 1 + 1 + -2.
3
What is the value of 1 + -1 + (-7 - -9)?
2
What is the value of -18 - (3 + -10) - (-6 + 1)?
-6
Calculate -3 - 0 - (-2 + -3) - -3.
5
Evaluate -6 - ((10 - 7) + -2).
-7
What is the value of (0 + -4 - (-11 - -8)) + 6?
5
What is the value of 1 + -3 + (-33 - -42)?
7
What is the value of -3 - (3 - 5 - 3) - 4?
-2
What is -1 + 11 + -10 + 2?
2
Calculate 9 + 1 + -4 + -4 + 3.
5
What is the value of (9 - 3) + -12 + -1 + 3?
-4
Evaluate -3 - (-4 - -2 - 1).
0
What is the value of 4 + (-14 - -3) + 5?
-2
What is (1 - 2) + (-5 - -6) - 3?
-3
Calculate -30 + 31 - (-1 - 0 - 2).
4
Evaluate -8 + 2 - (-53 - -47).
0
Evaluate 2 - (3 - (4 + -2)).
1
Calculate 3 + -9 + (1 - -3).
-2
Calculate 1 + -1 - ((2 - 2) + 2).
-2
0 + (1 - 0 - 4)
-3
Evaluate -3 + 0 - (-3 + 1 + -1).
0
Evaluate 1 + 4 + (0 - (10 + -3)).
-2
What is 3 - (6 - (6 - 4)) - 0?
-1
What is the value of -1 + 4 + -2 - (3 + -1)?
-1
What is the value of -4 + 4 + -5 + 8 + 2?
5
What is the value of 0 + (1 + 0 - 2)?
-1
-13 + -6 + 0 + (9 - -5)
-5
What is 3 + (5 - 5 - 0 - -3)?
6
What is (-5 - -3) + 9 - (7 + -2)?
2
What is the value of 1 + 2 - 0 - 5?
-2
-1 + (-2 - -2) + 0 + -4
-5
Evaluate (3 - 7) + (5 - 2) + -3.
-4
2 - 12 - (39 + -48)
-1
What is -16 + 27 + -4 + 3?
10
What is the value of (3 - -1) + -7 + 4?
1
What is the value of 2 - (4 + -1 + 2)?
-3
Evaluate -1 + (-1 - (-2 - (-1 + -1))).
-2
0 - ((-7 - -4) + 0)
3
58 + -69 - (-18 - 0)
7
Calculate 4 + (-2 - -1) + (4 - 2).
5
What is 11 + (0 - (3 + -7)) + -7?
8
Calculate -9 + 10 + (8 - 6).
3
5 - (2 + -3 + 1 + 1)
4
Calculate -5 + -2 + -6 + 11.
-2
Evaluate 0 - 1 - 1 - (2 - -1).
-5
What is the value of -2 - ((0 - 1) + (3 - 0))?
-4
-13 + (6 - 0) - (0 + -3)
-4
-4 + 2 + 10 + (-7 - -4)
5
Evaluate -7 + -1 - (-1 + -3).
-4
What is -5 - (3 + (1 - 8)) - -4?
3
What is 13 + -15 + 9 + 1?
8
What is the value of -2 + (2 - (-2 + 0)) + -6?
-4
What is -10 - -8 - (-1 - (-2 + 3))?
0
Calculate 12 + -14 - (0 - -2).
-4
163 + -158 - (2 - 1)
4
-8 - (0 + 6 + -17)
3
4 - -3 - ((16 - 11) + 6)
-4
Calculate (0 - -4) + (1 - -4) + -4.
5
Calculate 9 + (-20 - (0 - 6)).
-5
Evaluate 3 - (7 + 2 - (-12 + 14)).
-4
What is -3 + 0 + 3 + 0 + 1?
1
What is 0 + 4 - (3 + 6 + -7)?
2
What is the value of (-3 - (-6 + 0) - 6) + -2?
-5
Evaluate -8 + 10 + 8 - 8.
2
What is 1 + 2 + (2 - -1 - -2)?
8
Evaluate 323 - 323 - (-5 + -1 - -1).
5
Evaluate 3 + 0 + (3 - 7) + 1.
0
0 + (9 - (5 + 9))
-5
Calculate (-3 - 2 - -4 - 2) + 9.
6
Evaluate -1 - (2 - -1) - -7.
3
Evaluate (2 - (-5 + 3)) + (-2 - -2).
4
What is the value of (2 - (1 - 0)) + (0 - 1)?
0
6 - (-7 - (0 - 8))
5
Evaluate -3 + -9 + 5 - (1 + -5).
-3
2 + (0 - (5 + (1 - -2)))
-6
-5 - (-3 - -2 - 8) - 2
2
Calculate -4 - (2 - 6) - (-1 - -5).
-4
1 - (2 + 3 + -5)
1
Evaluate -13 + (11 - (0 + -3)).
1
Evaluate 3 + -3 + 4 + 0.
4
Calculate -2 - (-2 - (5 - 0)).
5
Evaluate -6 + 7 + 2 + 5 + -1.
7
What is the value of 3 + 1 + 0 + (14 - 19)?
-1
6 + (-14 - -8) + -1
-1
What is -8 - (-18 + 0 + 7)?
3
What is 7 - (-8 + 29 - 9)?
-5
What is the value of 5 - ((4 - 0) + -4)?
5
(-2 - -2) + 9 - (1 + 3)
5
What is (-6 + -5 - -9) + 11?
9
What is 6 - (9 - (3 - -2 - 4))?
-2
What is the value of 6 + (5 - 4) - (-2 - -4)?
5
What is the value of -1 + (-1 + -2 - (-7 - -1))?
2
Evaluate (4 - 0) + -5 + 8.
7
What is (-4 - -13) + (-1 - 2 - 2)?
4
What is -4 - (0 + -3 + -2 - -3)?
-2
Calculate 3 - (-4 + 7 + (1 - 4)).
3
3 + -10 + (-2 - (-1 + -4))
-4
3 - (-4 + 5 + 4)
-2
13 - (17 + -8) - (12 - 1)
-7
Calculate (-2 - -19 - 7 - 6) + -2.
2
What is the value of -4 + (-1 - 2 - (-1 - 2))?
-4
Calculate (12 - 2) + 8 + -7 + -7.
4
What is 1 + -4 + 11 - 4?
4
What is 9 + (-14 + 15 - (-3 - -7))?
6
Calculate 13 + -5 - 12 - (-2 - 7).
5
Calculate 3 - (0 - (2 + -7)).
-2
Evaluate 5 + (0 - 8) + 3.
0
What is -2 + -6 + 3 - -3?
-2
Evaluate 4 + (-2 + 0 - 1).
1
-1 + (1 - 5) + 2 + 0
-3
2 + 3 - (2 + 1) - 6
-4
What is the value of -1 + -3 - (-10 - -11)?
-5
What is -3 + 3 + -9 + 1?
-8
Calculate 3 - 5 - (4 + -6) - -7.
7
What is 7 + 3 - (9 + -1)?
2
4 + -1 + (-5 - 0) + 5
3
Calculate 1 - ((5 - 1) + (-2 - 1)).
0
What is (4 - 7) + (5 - 0) + -2?
0
Calculate 6 - (13 + -8 - 0).
1
What is the value of -2 + (-2 - 3 - -5)?
-2
What is the value of (215 - 217) + -1 + -7 + 1?
-9
What is the value of -3 - 0 - (0 - (10 - 3))?
4
(3 - 1) + -9 + (36 - 32)
-3
Calculate (6 - 4) + (-2 - -2).
2
Calculate -13 + 10 - (-1 + 1 - 1).
-2
Evaluate 2 - 0 - (13 - 3).
-8
What is 17 + (-2 + -3 - 1)?
11
What is 12 + 1 + -3 + -15?
-5
What is the value of -3 - (-13 + 11 - 1)?
0
Evaluate (-8 - 0) + (17 - 10).
-1
What is the value of 8 + (6 - (8 - -2)) + -13?
-9
Evaluate (-4 - (7 - 9)) + -5 + 7.
0
What is 0 + -5 + 23 + (23 - 40)?
1
-4 - (4 + -9 - -3)
-2
Calculate -1 + 0 + -3 + 4 + 3.
3
What is the value of -4 - (-3 - 1 - 0)?
0
-3 - (-2 - (-2 + -1)) - -9
5
What is 4 + (0 - 3) - (-6 + 2)?
5
Evaluate 5 - (-25 + 29 - (0 + 0)).
1
What is the value of (4 - 1) + -3 + (-5 - -3)?
-2
What is -11 - (11 - 29) - 3?
4
4 + (-6 - -5) + (-12 - -3)
-6
Evaluate (-2 - -7) + (-29 - -22).
-2
What is (1 - -1) + -1 + (135 - 131)?
5
What is the value of (-8 - -1) + (-16 - -32)?
9
What is the value of -6 + -1 + (-23 - -30)?
0
Calculate -2 - -8 - (20 - 11).
-3
Calculate -10 + -10 + 25 - 8.
-3
Evaluate (5 - 6 - 6) + (3 - 3).
-7
Calculate -1 + 2 + 4 + (-2 - 2).
1
Evaluate (-8 - -1) + -28 + 37.
2
Calculate (-8 - (0 + -2)) + 5.
-1
-8 + (11 - 6) + 3
0
Calculate -2 + 4 + 9 + -10.
1
What is the value of 7 - (-3 - -13) - (-2 - -3)?
-4
What is -1 + 2 + -8 + 2?
-5
What is the value of -14 - 9 - (-3 - 10)?
-10
What is the value of 7 + (-3 - 1 - -5)?
8
Calculate 4 - (1 - 3) - -1.
7
Calculate -17 + -10 + 18 + 4 + -2.
-7
Evaluate -9 - (1 + (-10 - -5)).
-5
Calculate 1 - (7 - 4 - (4 - 1)).
1
What is -4 + (0 - 2) + 1 + 6?
1
Evaluate 15 + -10 - (2 - (-1 - 0)).
2
Evaluate -4 + (12 - 8) + 0.
0
What is the value of -2 + 8 - (4 + (4 - -2))?
-4
-13 - -12 - ((4 - 4) + -7)
6
What is -7 + 7 + (-1 - -3 - -2)?
4
Calculate -33 + (2 - -11) - -10.
-10
(-1 + -2 - (-5 - -9)) + 13
6
What is the value of (-4 + 5 - -3) + -5 - 0?
-1
6 + 4 + 0 + -5
5
What is the value of 0 + -4 + 1 + 8?
5
What is -4 + (2 - -3) + -5?
-4
What is -4 - -2 - (4 - 10 - -3)?
1
Evaluate 6 + 0 - (-222 - -2